{"id":539,"date":"2018-06-15T15:58:42","date_gmt":"2018-06-15T15:58:42","guid":{"rendered":"http:\/\/sites.saic.edu\/printing\/?page_id=539"},"modified":"2025-09-09T21:06:14","modified_gmt":"2025-09-09T21:06:14","slug":"photo","status":"publish","type":"page","link":"https:\/\/sites.saic.edu\/printing\/departmental-printing\/photo\/","title":{"rendered":"Printing in Photo at SAIC"},"content":{"rendered":"<p>Canon imagePROGRAF PRO-2000 printers are available in the Photo Lab, CO204 as well as CO106 through the PaperCut print system. To print to them, follow the directions below.<\/p>\n<p>When printing from Photoshop, it&#8217;s important to select <strong>\u201cLet Printer Manage Color\u201d <\/strong>to ensure accurate color results from the printer. You choose the paper to print on when you select the printer queue in the top of the window.<\/p>\n<p>For problems with the printers, please talk to a Photo cage staff member.<\/p>\n<hr \/>\n<h4>Print Drivers for Printing in Photo<\/h4>\n<p>Installing the necessary print drivers from our website will give you the ultimate control over printers on campus and will ensure that any departmental printers specific to the curriculum you are enrolled in will be available for use.<\/p>\n<p>Please visit our <a href=\"https:\/\/sites.saic.edu\/printing\/home\/how-to-print\/\" target=\"_blank\" rel=\"noopener\">How To Print on Campus page<\/a> for information on installing printers on your laptop.<\/p>\n<hr \/>\n<h4>Managing Printers using Print Deploy<\/h4>\n<p><img loading=\"lazy\" decoding=\"async\" class=\"alignleft wp-image-1585\" src=\"http:\/\/sites.saic.edu\/printing\/wp-content\/uploads\/sites\/72\/2020\/09\/Print-Deploy-Icon.png\" alt=\"\" width=\"25\" height=\"25\" \/>After restarting your computer, you&#8217;ll notice the Print Deploy printer management ICON show up in your menu system. You should be promoted to login into PaperCut. Please use your SAIC Username and Password.<\/p>\n<p><img loading=\"lazy\" decoding=\"async\" class=\"alignnone wp-image-1597\" src=\"http:\/\/sites.saic.edu\/printing\/wp-content\/uploads\/sites\/72\/2020\/09\/Screen-Shot-2020-09-15-at-11.18.22-AM-300x165.jpg\" alt=\"\" width=\"400\" height=\"220\" srcset=\"https:\/\/sites.saic.edu\/printing\/wp-content\/uploads\/sites\/72\/2020\/09\/Screen-Shot-2020-09-15-at-11.18.22-AM-300x165.jpg 300w, https:\/\/sites.saic.edu\/printing\/wp-content\/uploads\/sites\/72\/2020\/09\/Screen-Shot-2020-09-15-at-11.18.22-AM-768x422.jpg 768w, https:\/\/sites.saic.edu\/printing\/wp-content\/uploads\/sites\/72\/2020\/09\/Screen-Shot-2020-09-15-at-11.18.22-AM-150x82.jpg 150w, https:\/\/sites.saic.edu\/printing\/wp-content\/uploads\/sites\/72\/2020\/09\/Screen-Shot-2020-09-15-at-11.18.22-AM.jpg 950w\" sizes=\"auto, (max-width: 400px) 100vw, 400px\" \/><\/p>\n<p>&nbsp;<\/p>\n<p>The Print Deploy Client is where you&#8217;ll manage your installed printers. Note that Print Deploy installs the Color and BW Laser printers by default<\/p>\n<p><a href=\"http:\/\/sites.saic.edu\/printing\/wp-content\/uploads\/sites\/72\/2020\/08\/Screen-Shot-2020-08-31-at-12.13.20-AM.jpg\"><img loading=\"lazy\" decoding=\"async\" class=\"alignnone wp-image-1546\" src=\"http:\/\/sites.saic.edu\/printing\/wp-content\/uploads\/sites\/72\/2020\/08\/Screen-Shot-2020-08-31-at-12.13.20-AM-300x165.jpg\" alt=\"\" width=\"400\" height=\"220\" srcset=\"https:\/\/sites.saic.edu\/printing\/wp-content\/uploads\/sites\/72\/2020\/08\/Screen-Shot-2020-08-31-at-12.13.20-AM-300x165.jpg 300w, https:\/\/sites.saic.edu\/printing\/wp-content\/uploads\/sites\/72\/2020\/08\/Screen-Shot-2020-08-31-at-12.13.20-AM-1024x563.jpg 1024w, https:\/\/sites.saic.edu\/printing\/wp-content\/uploads\/sites\/72\/2020\/08\/Screen-Shot-2020-08-31-at-12.13.20-AM-768x422.jpg 768w, https:\/\/sites.saic.edu\/printing\/wp-content\/uploads\/sites\/72\/2020\/08\/Screen-Shot-2020-08-31-at-12.13.20-AM-1536x844.jpg 1536w, https:\/\/sites.saic.edu\/printing\/wp-content\/uploads\/sites\/72\/2020\/08\/Screen-Shot-2020-08-31-at-12.13.20-AM-150x82.jpg 150w, https:\/\/sites.saic.edu\/printing\/wp-content\/uploads\/sites\/72\/2020\/08\/Screen-Shot-2020-08-31-at-12.13.20-AM.jpg 1900w\" sizes=\"auto, (max-width: 400px) 100vw, 400px\" \/><\/a><\/p>\n<p>&nbsp;<\/p>\n<p>Click on <strong>Add Printers<\/strong> to find wide-format printers that you&#8217;d like to install (Note, currently PC users only have BW and Color Laser options)<\/p>\n<p><a href=\"http:\/\/sites.saic.edu\/printing\/wp-content\/uploads\/sites\/72\/2020\/08\/Screen-Shot-2020-08-31-at-12.13.34-AM.jpg\"><img loading=\"lazy\" decoding=\"async\" class=\"alignnone wp-image-1547\" src=\"http:\/\/sites.saic.edu\/printing\/wp-content\/uploads\/sites\/72\/2020\/08\/Screen-Shot-2020-08-31-at-12.13.34-AM-300x165.jpg\" alt=\"\" width=\"400\" height=\"220\" srcset=\"https:\/\/sites.saic.edu\/printing\/wp-content\/uploads\/sites\/72\/2020\/08\/Screen-Shot-2020-08-31-at-12.13.34-AM-300x165.jpg 300w, https:\/\/sites.saic.edu\/printing\/wp-content\/uploads\/sites\/72\/2020\/08\/Screen-Shot-2020-08-31-at-12.13.34-AM-1024x563.jpg 1024w, https:\/\/sites.saic.edu\/printing\/wp-content\/uploads\/sites\/72\/2020\/08\/Screen-Shot-2020-08-31-at-12.13.34-AM-768x422.jpg 768w, https:\/\/sites.saic.edu\/printing\/wp-content\/uploads\/sites\/72\/2020\/08\/Screen-Shot-2020-08-31-at-12.13.34-AM-1536x844.jpg 1536w, https:\/\/sites.saic.edu\/printing\/wp-content\/uploads\/sites\/72\/2020\/08\/Screen-Shot-2020-08-31-at-12.13.34-AM-150x82.jpg 150w, https:\/\/sites.saic.edu\/printing\/wp-content\/uploads\/sites\/72\/2020\/08\/Screen-Shot-2020-08-31-at-12.13.34-AM.jpg 1900w\" sizes=\"auto, (max-width: 400px) 100vw, 400px\" \/><\/a><\/p>\n<p>You can install or uninstall printers at any time (B&amp;W and Color Laser Print Queues are not configurable)<\/p>\n<p>&nbsp;<\/p>\n<p>The main benefit of Print Deploy is that it allows end users to control printers installed on their system and if a Print Driver is updated Print Deploy automatically updates everything for you!<\/p>\n<hr \/>\n<h4>Print Submission<\/h4>\n\n<table id=\"tablepress-42\" class=\"tablepress tablepress-id-42\">\n<tbody>\n<tr class=\"row-1\">\n\t<td colspan=\"3\" class=\"column-1\">Once you've added your desired list of printers:<\/td>\n<\/tr>\n<tr class=\"row-2\">\n\t<td class=\"column-1\"><img loading=\"lazy\" decoding=\"async\" src=\"http:\/\/sites.saic.edu\/printing\/wp-content\/uploads\/sites\/72\/2020\/09\/01.png\" alt=\"\" width=\"100\" height=\"100\" class=\"alignleft size-full wp-image-1642\" \/><\/td><td class=\"column-2\"><a href=\"http:\/\/sites.saic.edu\/printing\/wp-content\/uploads\/sites\/72\/2020\/09\/Print_01.jpg\"><img loading=\"lazy\" decoding=\"async\" src=\"http:\/\/sites.saic.edu\/printing\/wp-content\/uploads\/sites\/72\/2020\/09\/Print_01.jpg\" alt=\"\" width=\"677\" height=\"426\" class=\"alignleft size-full wp-image-1616\" srcset=\"https:\/\/sites.saic.edu\/printing\/wp-content\/uploads\/sites\/72\/2020\/09\/Print_01.jpg 677w, https:\/\/sites.saic.edu\/printing\/wp-content\/uploads\/sites\/72\/2020\/09\/Print_01-300x189.jpg 300w, https:\/\/sites.saic.edu\/printing\/wp-content\/uploads\/sites\/72\/2020\/09\/Print_01-150x94.jpg 150w\" sizes=\"auto, (max-width: 677px) 100vw, 677px\" \/><\/a><\/td><td class=\"column-3\">Open your file and select <strong>Print<\/strong> from within the application<\/td>\n<\/tr>\n<tr class=\"row-3\">\n\t<td class=\"column-1\"><img loading=\"lazy\" decoding=\"async\" src=\"http:\/\/sites.saic.edu\/printing\/wp-content\/uploads\/sites\/72\/2020\/09\/02.png\" alt=\"\" width=\"100\" height=\"100\" class=\"alignleft size-full wp-image-1643\" \/><\/td><td class=\"column-2\"><a href=\"http:\/\/sites.saic.edu\/printing\/wp-content\/uploads\/sites\/72\/2020\/09\/Print_02.jpg\"><img loading=\"lazy\" decoding=\"async\" src=\"http:\/\/sites.saic.edu\/printing\/wp-content\/uploads\/sites\/72\/2020\/09\/Print_02.jpg\" alt=\"\" width=\"770\" height=\"425\" class=\"alignleft size-full wp-image-1619\" srcset=\"https:\/\/sites.saic.edu\/printing\/wp-content\/uploads\/sites\/72\/2020\/09\/Print_02.jpg 770w, https:\/\/sites.saic.edu\/printing\/wp-content\/uploads\/sites\/72\/2020\/09\/Print_02-300x166.jpg 300w, https:\/\/sites.saic.edu\/printing\/wp-content\/uploads\/sites\/72\/2020\/09\/Print_02-768x424.jpg 768w, https:\/\/sites.saic.edu\/printing\/wp-content\/uploads\/sites\/72\/2020\/09\/Print_02-150x83.jpg 150w\" sizes=\"auto, (max-width: 770px) 100vw, 770px\" \/><\/a><\/td><td class=\"column-3\">Select the desired <strong>Printer<\/strong> from the list of printer options (if printing from Chrome we recommend choosing \u201cPrinting using system dialog\u201d)<\/td>\n<\/tr>\n<tr class=\"row-4\">\n\t<td class=\"column-1\"><img loading=\"lazy\" decoding=\"async\" src=\"http:\/\/sites.saic.edu\/printing\/wp-content\/uploads\/sites\/72\/2020\/09\/03.png\" alt=\"\" width=\"100\" height=\"100\" class=\"alignleft size-full wp-image-1644\" \/><\/td><td class=\"column-2\"><a href=\"http:\/\/sites.saic.edu\/printing\/wp-content\/uploads\/sites\/72\/2020\/09\/Print_03.jpg\"><img loading=\"lazy\" decoding=\"async\" src=\"http:\/\/sites.saic.edu\/printing\/wp-content\/uploads\/sites\/72\/2020\/09\/Print_03.jpg\" alt=\"\" width=\"533\" height=\"630\" class=\"alignleft size-full wp-image-1618\" srcset=\"https:\/\/sites.saic.edu\/printing\/wp-content\/uploads\/sites\/72\/2020\/09\/Print_03.jpg 533w, https:\/\/sites.saic.edu\/printing\/wp-content\/uploads\/sites\/72\/2020\/09\/Print_03-254x300.jpg 254w, https:\/\/sites.saic.edu\/printing\/wp-content\/uploads\/sites\/72\/2020\/09\/Print_03-150x177.jpg 150w\" sizes=\"auto, (max-width: 533px) 100vw, 533px\" \/><\/a><\/td><td class=\"column-3\">Define the appropriate page size under <strong>Page Size<\/strong>*<br \/>\n<br \/>\n<em>Note that most SAIC laser printers on campus are stocked with 8.5x11 US Letter and 11x17 Ledger<\/em><\/td>\n<\/tr>\n<tr class=\"row-5\">\n\t<td class=\"column-1\"><img loading=\"lazy\" decoding=\"async\" src=\"http:\/\/sites.saic.edu\/printing\/wp-content\/uploads\/sites\/72\/2020\/09\/04.png\" alt=\"\" width=\"100\" height=\"100\" class=\"alignleft size-full wp-image-1645\" \/><\/td><td class=\"column-2\"><a href=\"http:\/\/sites.saic.edu\/printing\/wp-content\/uploads\/sites\/72\/2020\/09\/Print_04b.jpg\"><img loading=\"lazy\" decoding=\"async\" src=\"http:\/\/sites.saic.edu\/printing\/wp-content\/uploads\/sites\/72\/2020\/09\/Print_04b.jpg\" alt=\"\" width=\"773\" height=\"635\" class=\"alignleft size-full wp-image-1617\" srcset=\"https:\/\/sites.saic.edu\/printing\/wp-content\/uploads\/sites\/72\/2020\/09\/Print_04b.jpg 773w, https:\/\/sites.saic.edu\/printing\/wp-content\/uploads\/sites\/72\/2020\/09\/Print_04b-300x246.jpg 300w, https:\/\/sites.saic.edu\/printing\/wp-content\/uploads\/sites\/72\/2020\/09\/Print_04b-768x631.jpg 768w, https:\/\/sites.saic.edu\/printing\/wp-content\/uploads\/sites\/72\/2020\/09\/Print_04b-150x123.jpg 150w\" sizes=\"auto, (max-width: 773px) 100vw, 773px\" \/><\/a><\/td><td class=\"column-3\">If you are printing to a b&amp;w or color laser printer you can choose duplex and stapling options under the <strong>Print Features<\/strong> dialog box, or you can choose these options at the device before releasing<\/td>\n<\/tr>\n<tr class=\"row-6\">\n\t<td class=\"column-1\"><img loading=\"lazy\" decoding=\"async\" src=\"http:\/\/sites.saic.edu\/printing\/wp-content\/uploads\/sites\/72\/2020\/09\/05.png\" alt=\"\" width=\"100\" height=\"100\" class=\"alignleft size-full wp-image-1646\" \/><\/td><td class=\"column-2\"><a href=\"http:\/\/sites.saic.edu\/printing\/wp-content\/uploads\/sites\/72\/2020\/08\/Screen-Shot-2020-08-30-at-8.41.32-AM-1.jpg\"><img loading=\"lazy\" decoding=\"async\" src=\"http:\/\/sites.saic.edu\/printing\/wp-content\/uploads\/sites\/72\/2020\/08\/Screen-Shot-2020-08-30-at-8.41.32-AM-1-300x187.jpg\" alt=\"\" width=\"300\" height=\"187\" class=\"alignleft size-medium wp-image-1539\" srcset=\"https:\/\/sites.saic.edu\/printing\/wp-content\/uploads\/sites\/72\/2020\/08\/Screen-Shot-2020-08-30-at-8.41.32-AM-1-300x187.jpg 300w, https:\/\/sites.saic.edu\/printing\/wp-content\/uploads\/sites\/72\/2020\/08\/Screen-Shot-2020-08-30-at-8.41.32-AM-1-150x94.jpg 150w, https:\/\/sites.saic.edu\/printing\/wp-content\/uploads\/sites\/72\/2020\/08\/Screen-Shot-2020-08-30-at-8.41.32-AM-1.jpg 442w\" sizes=\"auto, (max-width: 300px) 100vw, 300px\" \/><\/a><\/td><td class=\"column-3\">Wait for the SAIC PaperCut authentication window to appear on screen and enter your SAIC username and password<\/td>\n<\/tr>\n<tr class=\"row-7\">\n\t<td class=\"column-1\"><img loading=\"lazy\" decoding=\"async\" src=\"http:\/\/sites.saic.edu\/printing\/wp-content\/uploads\/sites\/72\/2020\/09\/06.png\" alt=\"\" width=\"100\" height=\"100\" class=\"alignleft size-full wp-image-1647\" \/><\/td><td class=\"column-2\"><a href=\"http:\/\/sites.saic.edu\/printing\/wp-content\/uploads\/sites\/72\/2020\/08\/Screen-Shot-2020-08-30-at-8.42.09-AM-1.jpg\"><img loading=\"lazy\" decoding=\"async\" src=\"http:\/\/sites.saic.edu\/printing\/wp-content\/uploads\/sites\/72\/2020\/08\/Screen-Shot-2020-08-30-at-8.42.09-AM-1-300x205.jpg\" alt=\"\" width=\"300\" height=\"205\" class=\"alignleft size-medium wp-image-1540\" srcset=\"https:\/\/sites.saic.edu\/printing\/wp-content\/uploads\/sites\/72\/2020\/08\/Screen-Shot-2020-08-30-at-8.42.09-AM-1-300x205.jpg 300w, https:\/\/sites.saic.edu\/printing\/wp-content\/uploads\/sites\/72\/2020\/08\/Screen-Shot-2020-08-30-at-8.42.09-AM-1-150x102.jpg 150w, https:\/\/sites.saic.edu\/printing\/wp-content\/uploads\/sites\/72\/2020\/08\/Screen-Shot-2020-08-30-at-8.42.09-AM-1.jpg 567w\" sizes=\"auto, (max-width: 300px) 100vw, 300px\" \/><\/a><\/td><td class=\"column-3\">Another screen may appear confirming your printer settings and cost and will ask whether you would like to pay with your personal funds (ARTIPrint,PRINTCredit, ARTICash) or choose your departmental account under the shared account<\/td>\n<\/tr>\n<tr class=\"row-8\">\n\t<td class=\"column-1\"><img loading=\"lazy\" decoding=\"async\" src=\"http:\/\/sites.saic.edu\/printing\/wp-content\/uploads\/sites\/72\/2020\/09\/07.png\" alt=\"\" width=\"100\" height=\"100\" class=\"alignleft size-full wp-image-1648\" \/><\/td><td class=\"column-2\"><a href=\"http:\/\/sites.saic.edu\/printing\/wp-content\/uploads\/sites\/72\/2020\/08\/Screen-Shot-2020-08-30-at-9.20.03-PM-1.jpg\"><img loading=\"lazy\" decoding=\"async\" src=\"http:\/\/sites.saic.edu\/printing\/wp-content\/uploads\/sites\/72\/2020\/08\/Screen-Shot-2020-08-30-at-9.20.03-PM-1-300x51.jpg\" alt=\"\" width=\"300\" height=\"51\" class=\"alignleft size-medium wp-image-1541\" srcset=\"https:\/\/sites.saic.edu\/printing\/wp-content\/uploads\/sites\/72\/2020\/08\/Screen-Shot-2020-08-30-at-9.20.03-PM-1-300x51.jpg 300w, https:\/\/sites.saic.edu\/printing\/wp-content\/uploads\/sites\/72\/2020\/08\/Screen-Shot-2020-08-30-at-9.20.03-PM-1-768x130.jpg 768w, https:\/\/sites.saic.edu\/printing\/wp-content\/uploads\/sites\/72\/2020\/08\/Screen-Shot-2020-08-30-at-9.20.03-PM-1-150x25.jpg 150w, https:\/\/sites.saic.edu\/printing\/wp-content\/uploads\/sites\/72\/2020\/08\/Screen-Shot-2020-08-30-at-9.20.03-PM-1.jpg 997w\" sizes=\"auto, (max-width: 300px) 100vw, 300px\" \/><\/a><\/td><td class=\"column-3\">A popup will appear displaying a message that your job is held in queue and the Web Print page will show recent jobs with information on the print queue, number of pages, and cost of job. To find the nearest printer, visit our <a href=\"http:\/\/sites.saic.edu\/printing\/find-a-printer-fall-2020\/\">Printer Locations &amp; Pricing<\/a> page. For instructions on how to release print jobs, visit our <a href=\"https:\/\/sites.saic.edu\/printing\/self-service\/releasing-print-jobs\/\">Print Release<\/a> page.<\/td>\n<\/tr>\n<tr class=\"row-9\">\n\t<td class=\"column-1\"><\/td><td colspan=\"2\" class=\"column-2\">*Any jobs sent to a b&amp;w or color laser printer that are not letter (8.5\u00d711), tabloid (11\u00d717), or legal (8.5\u00d714)  will not be accept by the print queue and will not be available for release at the device<\/td>\n<\/tr>\n<\/tbody>\n<\/table>\n<!-- #tablepress-42 from cache -->\n<hr \/>\n<h2 class=\"tablepress-table-name tablepress-table-name-id-14\">280 Building Room 204 Photo Lab<\/h2>\n\n<table id=\"tablepress-14\" class=\"tablepress tablepress-id-14\">\n<thead>\n<tr class=\"row-1 odd\">\n\t<th class=\"column-1\">Room<\/th><th class=\"column-2\">Printer Type<\/th><th class=\"column-3\">Paper Type<\/th><th class=\"column-4\">Printer Queue<\/th><th class=\"column-5\">Recommended Output\/Soft-Proof Profile<\/th><th class=\"column-6\">Cost\/square foot<\/th><th class=\"column-7\">Width<\/th>\n<\/tr>\n<\/thead>\n<tbody class=\"row-hover\">\n<tr class=\"row-2 even\">\n\t<td class=\"column-1\">204<\/td><td class=\"column-2\">Canon iPF PRO-2000<\/td><td class=\"column-3\">Canson Infinity Baryta Photographique<\/td><td class=\"column-4\">Co204_17inch_Inkjet-CansonBaryta_PrintQ<\/td><td class=\"column-5\">Printer Manages Color<\/td><td class=\"column-6\"><a href=\"http:\/\/sites.saic.edu\/printing\/wp-content\/uploads\/sites\/72\/2018\/08\/Co204_17in_Baryta_pricechart.pdf\" rel=\"noopener\" target=\"_blank\">$3.25\/sq. ft.<\/a><\/td><td class=\"column-7\">17\" Inkjet<\/td>\n<\/tr>\n<tr class=\"row-3 odd\">\n\t<td class=\"column-1\">204<\/td><td class=\"column-2\">Canon iPF PRO-2000<\/td><td class=\"column-3\">Hahnem\u00fchle Photo Rag\t<\/td><td class=\"column-4\">Co204_17inch_Inkjet-PhotoRag_PrintQ<\/td><td class=\"column-5\">Printer Manages Color<\/td><td class=\"column-6\"><a href=\"http:\/\/sites.saic.edu\/printing\/wp-content\/uploads\/sites\/72\/2018\/08\/Co204_17in_PhotoRag_pricechart.pdf\" rel=\"noopener\" target=\"_blank\">$2.75\/sq. ft.<\/a><\/td><td class=\"column-7\">17\" Inkjet<\/td>\n<\/tr>\n<tr class=\"row-4 even\">\n\t<td class=\"column-1\">204<\/td><td class=\"column-2\">Canon iPF PRO-2000<\/td><td class=\"column-3\">Canon Photographic Satin 240gsm<\/td><td class=\"column-4\">Co204_17inch_Inkjet-Satin_PrintQ<\/td><td class=\"column-5\">Printer Manages Color<\/td><td class=\"column-6\"><a href=\"http:\/\/sites.saic.edu\/printing\/wp-content\/uploads\/sites\/72\/2018\/08\/Co204_17in_Satin_pricechart.pdf\" rel=\"noopener\" target=\"_blank\">$1.45\/sq. ft.<\/a><\/td><td class=\"column-7\">17\" Inkjet<\/td>\n<\/tr>\n<tr class=\"row-5 odd\">\n\t<td class=\"column-1\">204<\/td><td class=\"column-2\">Canon iPF PRO-2000<\/td><td class=\"column-3\">Canon Photographic Glossy 240gsm<\/td><td class=\"column-4\">Co204_17inch_Inkjet-Glossy_PrintQ<\/td><td class=\"column-5\">Printer Manages Color<\/td><td class=\"column-6\"><a href=\"http:\/\/sites.saic.edu\/printing\/wp-content\/uploads\/sites\/72\/2018\/08\/Co204_17in_Glossy_pricechart.pdf\" rel=\"noopener\" target=\"_blank\">$1.45\/sq. ft.<\/a><\/td><td class=\"column-7\">17\" Inkjet<\/td>\n<\/tr>\n<tr class=\"row-6 even\">\n\t<td class=\"column-1\">204<\/td><td class=\"column-2\">Canon iPF PRO-2000<\/td><td class=\"column-3\">Canon Photographic Satin 240gsm<\/td><td class=\"column-4\">Co204_24inch_Inkjet-Satin_PrintQ<\/td><td class=\"column-5\">Printer Manages Color<\/td><td class=\"column-6\"><a href=\"http:\/\/sites.saic.edu\/printing\/wp-content\/uploads\/sites\/72\/2018\/08\/Co204_24in_Satin_pricechart.pdf\" rel=\"noopener\" target=\"_blank\">$1.55\/sq. ft.<\/a><\/td><td class=\"column-7\">24\" Inkjet<\/td>\n<\/tr>\n<tr class=\"row-7 odd\">\n\t<td class=\"column-1\">204<\/td><td class=\"column-2\">Canon iPF PRO-2000<\/td><td class=\"column-3\">Hahnem\u00fchle Photo Rag\t<\/td><td class=\"column-4\">Co204_24in_PhotoRag_PrintQ<\/td><td class=\"column-5\">Printer Manages Color<\/td><td class=\"column-6\"><a href=\"http:\/\/sites.saic.edu\/printing\/wp-content\/uploads\/sites\/72\/2018\/08\/Co204_24in_PhotoRag_pricechart.pdf\" rel=\"noopener\" target=\"_blank\">$2.85\/sq. ft.<\/a><\/td><td class=\"column-7\">24\" Inkjet<\/td>\n<\/tr>\n<\/tbody>\n<\/table>\n<!-- #tablepress-14 from cache -->\n<h2 class=\"tablepress-table-name tablepress-table-name-id-15\">280 Building Room 204E Photo Editing Nook<\/h2>\n<span class=\"tablepress-table-description tablepress-table-description-id-15\">Use limited to students enrolled in Photo I<\/span>\n\n<table id=\"tablepress-15\" class=\"tablepress tablepress-id-15\">\n<thead>\n<tr class=\"row-1 odd\">\n\t<th class=\"column-1\">Room<\/th><th class=\"column-2\">Printer Type<\/th><th class=\"column-3\">Paper Type<\/th><th class=\"column-4\">Printer Queue<\/th><th class=\"column-5\">Recommended Output\/Soft-Proof Profile<\/th><th class=\"column-6\">Cost\/square foot<\/th><th class=\"column-7\">Width<\/th>\n<\/tr>\n<\/thead>\n<tbody class=\"row-hover\">\n<tr class=\"row-2 even\">\n\t<td class=\"column-1\">CO 204E<\/td><td class=\"column-2\">Canon iPF 6400<\/td><td class=\"column-3\">Canon Photographic Satin 240gsm<\/td><td class=\"column-4\">Co204E_Intro_17inch_Inkjet-Satin_PrintQ<\/td><td class=\"column-5\">Printer Manages Color<\/td><td class=\"column-6\"><a href=\"http:\/\/sites.saic.edu\/printing\/wp-content\/uploads\/sites\/72\/2018\/08\/Nook_17in_Satin_pricechart.pdf\" rel=\"noopener\" target=\"_blank\">$1.45\/sq. ft.<\/a><\/td><td class=\"column-7\">17\" Inkjet<\/td>\n<\/tr>\n<\/tbody>\n<\/table>\n<!-- #tablepress-15 from cache -->\n<h2 class=\"tablepress-table-name tablepress-table-name-id-16\">280 Building Room 114<\/h2>\n\n<table id=\"tablepress-16\" class=\"tablepress tablepress-id-16\">\n<thead>\n<tr class=\"row-1 odd\">\n\t<th class=\"column-1\">Room<\/th><th class=\"column-2\">Printer Type<\/th><th class=\"column-3\">Paper Type<\/th><th class=\"column-4\">Printer Queue<\/th><th class=\"column-5\">Type<\/th><th class=\"column-6\">Price<\/th>\n<\/tr>\n<\/thead>\n<tbody class=\"row-hover\">\n<tr class=\"row-2 even\">\n\t<td class=\"column-1\">114<\/td><td class=\"column-2\">Laser Color<\/td><td class=\"column-3\">Premium Bond<\/td><td class=\"column-4\">Co_ColorLaser_PrintQ<\/td><td class=\"column-5\">Laser Color<\/td><td class=\"column-6\">$0.45\/page<\/td>\n<\/tr>\n<tr class=\"row-3 odd\">\n\t<td class=\"column-1\">114<\/td><td class=\"column-2\">Laser<\/td><td class=\"column-3\">Bond<\/td><td class=\"column-4\">Co_BWLaser_PrintQ<\/td><td class=\"column-5\">Laser B&amp;W<\/td><td class=\"column-6\">$0.08\/page<br \/>\n<\/td>\n<\/tr>\n<\/tbody>\n<\/table>\n<!-- #tablepress-16 from cache -->\n","protected":false},"excerpt":{"rendered":"<p>Canon imagePROGRAF PRO-2000 printers are available in the Photo Lab, CO204 as well as CO106 through the PaperCut print system. To print to them, follow the directions below. When printing from Photoshop, it&#8217;s important to select \u201cLet Printer Manage Color\u201d to ensure accurate color results from the printer. You choose the paper to print on &hellip; <a href=\"https:\/\/sites.saic.edu\/printing\/departmental-printing\/photo\/\">Continued<\/a><\/p>\n","protected":false},"author":135,"featured_media":0,"parent":1070,"menu_order":0,"comment_status":"closed","ping_status":"closed","template":"","meta":{"_acf_changed":false,"footnotes":""},"class_list":["post-539","page","type-page","status-publish","hentry"],"acf":[],"_links":{"self":[{"href":"https:\/\/sites.saic.edu\/printing\/wp-json\/wp\/v2\/pages\/539","targetHints":{"allow":["GET"]}}],"collection":[{"href":"https:\/\/sites.saic.edu\/printing\/wp-json\/wp\/v2\/pages"}],"about":[{"href":"https:\/\/sites.saic.edu\/printing\/wp-json\/wp\/v2\/types\/page"}],"author":[{"embeddable":true,"href":"https:\/\/sites.saic.edu\/printing\/wp-json\/wp\/v2\/users\/135"}],"replies":[{"embeddable":true,"href":"https:\/\/sites.saic.edu\/printing\/wp-json\/wp\/v2\/comments?post=539"}],"version-history":[{"count":35,"href":"https:\/\/sites.saic.edu\/printing\/wp-json\/wp\/v2\/pages\/539\/revisions"}],"predecessor-version":[{"id":2537,"href":"https:\/\/sites.saic.edu\/printing\/wp-json\/wp\/v2\/pages\/539\/revisions\/2537"}],"up":[{"embeddable":true,"href":"https:\/\/sites.saic.edu\/printing\/wp-json\/wp\/v2\/pages\/1070"}],"wp:attachment":[{"href":"https:\/\/sites.saic.edu\/printing\/wp-json\/wp\/v2\/media?parent=539"}],"curies":[{"name":"wp","href":"https:\/\/api.w.org\/{rel}","templated":true}]}}